 the prime factors of 1178?
2, 19, 31
List the prime factors of 49838.
2, 24919
List the prime factors of 24087.
3, 7, 31, 37
List the prime factors of 28428.
2, 3, 23, 103
List the prime factors of 1487.
1487
What are the prime factors of 101?
101
List the prime factors of 1420.
2, 5, 71
What are the prime factors of 18612?
2, 3, 11, 47
What are the prime factors of 613?
613
What are the prime factors of 229?
229
What are the prime factors of 1602?
2, 3, 89
List the prime factors of 63610.
2, 5, 6361
List the prime factors of 38151.
3, 157
List the prime factors of 819.
3, 7, 13
List the prime factors of 4922.
2, 23, 107
List the prime factors of 30382.
2, 11, 1381
What are the prime factors of 3181?
3181
List the prime factors of 10533.
3, 3511
List the prime factors of 42410.
2, 5, 4241
List the prime factors of 12754.
2, 7, 911
List the prime factors of 4984.
2, 7, 89
What are the prime factors of 3905?
5, 11, 71
List the prime factors of 2034.
2, 3, 113
What are the prime factors of 3220?
2, 5, 7, 23
What are the prime factors of 6294?
2, 3, 1049
What are the prime factors of 1535?
5, 307
What are the prime factors of 1452?
2, 3, 11
List the prime factors of 1974.
2, 3, 7, 47
What are the prime factors of 473?
11, 43
List the prime factors of 13880.
2, 5, 347
What are the prime factors of 1927?
41, 47
What are the prime factors of 6308?
2, 19, 83
What are the prime factors of 1301?
1301
List the prime factors of 1157.
13, 89
List the prime factors of 3208.
2, 401
What are the prime factors of 241?
241
What are the prime factors of 7857?
3, 97
What are the prime factors of 3748?
2, 937
List the prime factors of 718.
2, 359
List the prime factors of 40297.
59, 683
List the prime factors of 2667.
3, 7, 127
What are the prime factors of 355?
5, 71
List the prime factors of 10916.
2, 2729
List the prime factors of 22204.
2, 7, 13, 61
What are the prime factors of 1631?
7, 233
What are the prime factors of 136?
2, 17
List the prime factors of 1956.
2, 3, 163
List the prime factors of 1216.
2, 19
What are the prime factors of 4073?
4073
List the prime factors of 44312.
2, 29, 191
List the prime factors of 10995.
3, 5, 733
What are the prime factors of 18706?
2, 47, 199
What are the prime factors of 13996?
2, 3499
List the prime factors of 37819.
59, 641
List the prime factors of 416.
2, 13
List the prime factors of 1479.
3, 17, 29
What are the prime factors of 189237?
3, 63079
What are the prime factors of 57752?
2, 7219
List the prime factors of 75.
3, 5
List the prime factors of 868.
2, 7, 31
What are the prime factors of 17684?
2, 4421
What are the prime factors of 953?
953
List the prime factors of 516.
2, 3, 43
What are the prime factors of 56756?
2, 7, 2027
List the prime factors of 7995.
3, 5, 13, 41
What are the prime factors of 2467?
2467
List the prime factors of 10005.
3, 5, 23, 29
List the prime factors of 42752.
2, 167
What are the prime factors of 413?
7, 59
What are the prime factors of 1246?
2, 7, 89
What are the prime factors of 2742?
2, 3, 457
What are the prime factors of 10394?
2, 5197
List the prime factors of 151.
151
List the prime factors of 65053.
65053
What are the prime factors of 88432?
2, 5527
List the prime factors of 530.
2, 5, 53
What are the prime factors of 1542?
2, 3, 257
What are the prime factors of 197091?
3, 61, 359
What are the prime factors of 2045?
5, 409
List the prime factors of 139.
139
List the prime factors of 9443.
7, 19, 71
List the prime factors of 41343.
3, 13781
List the prime factors of 5518.
2, 31, 89
What are the prime factors of 3914?
2, 19, 103
What are the prime factors of 12014?
2, 6007
What are the prime factors of 1453?
1453
What are the prime factors of 1517?
37, 41
List the prime factors of 15807.
3, 11, 479
List the prime factors of 3344.
2, 11, 19
List the prime factors of 65325.
3, 5, 13, 67
What are the prime factors of 6323?
6323
List the prime factors of 4307.
59, 73
List the prime factors of 22376.
2, 2797
What are the prime factors of 1108?
2, 277
What are the prime factors of 31528?
2, 7, 563
What are the prime factors of 129711?
3, 43237
List the prime factors of 10969.
7, 1567
What are the prime factors of 19114?
2, 19, 503
List the prime factors of 8230.
2, 5, 823
List the prime factors of 2620.
2, 5, 131
What are the prime factors of 6155?
5, 1231
List the prime factors of 142601.
142601
List the prime factors of 97800.
2, 3, 5, 163
What are the prime factors of 18140?
2, 5, 907
What are the prime factors of 7723?
7723
List the prime factors of 1009.
1009
What are the prime factors of 317?
317
What are the prime factors of 623?
7, 89
What are the prime factors of 166?
2, 83
List the prime factors of 15465.
3, 5, 1031
What are the prime factors of 79721?
29, 2749
What are the prime factors of 948?
2, 3, 79
What are the prime factors of 25837?
7, 3691
What are the prime factors of 82460?
2, 5, 7, 19, 31
What are the prime factors of 1248?
2, 3, 13
List the prime factors of 191.
191
List the prime factors of 48006.
2, 3, 7, 127
What are the prime factors of 437?
19, 23
List the prime factors of 4275.
3, 5, 19
List the prime factors of 2376.
2, 3, 11
What are the prime factors of 14175?
3, 5, 7
List the prime factors of 25877.
113, 229
List the prime factors of 70278.
2, 3, 13, 17, 53
What are the prime factors of 40171?
17, 139
List the prime factors of 3217.
3217
List the prime factors of 2302.
2, 1151
List the prime factors of 15082.
2, 7541
List the prime factors of 3980.
2, 5, 199
What are the prime factors of 2036?
2, 509
List the prime factors of 16577.
11, 137
List the prime factors of 78.
2, 3, 13
What are the prime factors of 14927?
11, 23, 59
List the prime factors of 47784.
2, 3, 11, 181
What are the prime factors of 7701?
3, 17, 151
List the prime factors of 5117.
7, 17, 43
List the prime factors of 158.
2, 79
What are the prime factors of 100513?
7, 83, 173
What are the prime factors of 4520?
2, 5, 113
What are the prime factors of 10387?
13, 17, 47
What are the prime factors of 1077?
3, 359
List the prime factors of 5901.
3, 7, 281
What are the prime factors of 839?
839
What are the prime factors of 1068?
2, 3, 89
What are the prime factors of 1401?
3, 467
List the prime factors of 1009.
1009
List the prime factors of 32165.
5, 7, 919
What are the prime factors of 877?
877
List the prime factors of 510.
2, 3, 5, 17
What are the prime factors of 78258?
2, 3, 13043
List the prime factors of 2120.
2, 5, 53
List the prime factors of 642.
2, 3, 107
List the prime factors of 4737.
3, 1579
What are the prime factors of 6363?
3, 7, 101
List the prime factors of 1310.
2, 5, 131
List the prime factors of 62.
2, 31
List the prime factors of 44542.
2, 22271
List the prime factors of 136445.
5, 29, 941
List the prime factors of 4576.
2, 11, 13
What are the prime factors of 15163?
59, 257
List the prime factors of 27473.
83, 331
What are the prime factors of 3692?
2, 13, 71
What are the prime factors of 13520?
2, 5, 13
What are the prime factors of 18849?
3, 61, 103
List the prime factors of 751.
751
List the prime factors of 3756.
2, 3, 313
What are the prime factors of 2873?
13, 17
What are the prime factors of 94499?
53, 1783
What are the prime factors of 8331?
3, 2777
What are the prime factors of 26135?
5, 5227
What are the prime factors of 2031?
3, 677
What are the prime factors of 39815?
5, 7963
What are the prime factors of 3044?
2, 761
List the prime factors of 1302.
2, 3, 7, 31
List the prime factors of 5532.
2, 3, 461
What are the prime factors of 64903?
41, 1583
What are the prime factors of 643?
643
What are the prime factors of 21334?
2, 10667
What are the prime factors of 3701?
3701
List the prime factors of 8312.
2, 1039
List the prime factors of 4708.
2, 11, 107
What are the prime factors of 6255?
3, 5, 139
What are the prime factors of 1321?
1321
What are the prime factors of 577?
577
What are the prime factors of 2824?
2, 353
List the prime factors of 846.
2, 3, 47
List the prime factors of 1092.
2, 3, 7, 13
List the prime factors of 8376.
2, 3, 349
What are the prime factors of 815?
5, 163
What are the prime factors of 1769?
29, 61
List the prime factors of 82780.
2, 5, 4139
What are the prime factors of 3016?
2, 13, 29
List the prime factors of 473